s 97967605 a multiple of 58?
False
Does 36 divide 4549032896?
False
Is 84907128 a multiple of 174?
True
Does 10 divide 5433216224?
False
Is 16544235 a multiple of 31?
True
Does 1179 divide 2381568036?
False
Is 263 a factor of 9786756?
True
Does 6600 divide 922462200?
True
Is 2 a factor of 3098149?
False
Does 524 divide 30831399?
False
Is 150 a factor of 79965600?
True
Is 145832881 a multiple of 2839?
False
Does 969 divide 231381817?
False
Is 402 a factor of 312714996?
True
Does 10 divide 11987870?
True
Does 15 divide 292007167?
False
Is 24 a factor of 29173944?
True
Is 792 a factor of 41866719?
False
Is 30 a factor of 14507895?
False
Does 9 divide 941481946?
False
Is 3691 a factor of 2261198875?
True
Does 25 divide 137161006?
False
Is 1295 a factor of 78031520?
True
Does 134 divide 161622090?
True
Does 248 divide 1572556807?
False
Does 1867 divide 1639226?
True
Does 1523 divide 66111655?
False
Is 904818255 a multiple of 215?
True
Does 22 divide 92792084?
True
Is 119 a factor of 73706549?
False
Is 8489117 a multiple of 14?
False
Does 202 divide 1554038520?
True
Is 131 a factor of 301549397?
False
Is 91560008 a multiple of 2804?
False
Does 403 divide 2090951798?
True
Does 3423 divide 59699946?
False
Does 21 divide 69300378?
True
Does 570 divide 21156000?
False
Is 18 a factor of 1125068?
False
Does 43 divide 222459337?
False
Does 14 divide 14969148?
False
Is 3 a factor of 2461363?
False
Does 304 divide 14496399?
False
Does 4 divide 480999777?
False
Is 163 a factor of 1656822302?
True
Is 7164161 a multiple of 207?
False
Is 11651412 a multiple of 107?
False
Is 16 a factor of 5450030?
False
Does 234 divide 23250942?
True
Does 2503 divide 8975758?
True
Does 121 divide 26693810?
True
Is 16 a factor of 409376472?
False
Does 3166 divide 57773169?
False
Is 186411174 a multiple of 82?
True
Does 843 divide 7940166?
False
Does 6 divide 374800286?
False
Is 5051 a factor of 526965779?
True
Is 4 a factor of 41798282?
False
Is 1598 a factor of 878923970?
True
Is 1455881390 a multiple of 4385?
True
Is 268057904 a multiple of 3944?
True
Is 30 a factor of 51730380?
True
Is 416 a factor of 10737886?
False
Is 34323619 a multiple of 94?
False
Is 53 a factor of 148933618?
False
Does 15 divide 1865576160?
True
Does 147 divide 150762612?
True
Is 954 a factor of 52898346?
True
Is 653 a factor of 169966105?
True
Does 405 divide 201229049?
False
Is 263983464 a multiple of 531?
True
Is 28748012 a multiple of 4?
True
Is 127 a factor of 480135536?
False
Is 143 a factor of 195215449?
True
Is 459875136 a multiple of 1876?
True
Is 666 a factor of 141012846?
True
Is 19382176 a multiple of 9?
False
Is 64754639 a multiple of 75?
False
Is 6347543 a multiple of 173?
True
Is 108176073 a multiple of 925?
False
Does 72 divide 2029608?
True
Is 20 a factor of 84714862?
False
Is 17701120 a multiple of 171?
False
Does 3630 divide 385752840?
True
Is 139 a factor of 29621039?
True
Is 47 a factor of 648934225?
False
Is 94 a factor of 41795220?
True
Is 23 a factor of 57454979?
False
Is 997072320 a multiple of 960?
True
Is 30 a factor of 4481642?
False
Is 9 a factor of 921828348?
True
Does 119 divide 743385027?
True
Does 822 divide 167717145?
False
Is 2931465763 a multiple of 1272?
False
Is 1706 a factor of 293676562?
False
Is 405 a factor of 638223081?
False
Does 27 divide 1361212583?
False
Does 177 divide 3433800?
True
Is 1362 a factor of 28200210?
True
Is 28 a factor of 502935339?
False
Does 595 divide 346323915?
True
Is 14168409 a multiple of 557?
True
Is 324316 a multiple of 6?
False
Does 4033 divide 106128395?
True
Does 101 divide 71771004?
True
Is 7699725 a multiple of 11?
True
Is 9355 a factor of 1476776511?
False
Is 722046288 a multiple of 21?
False
Is 215045614 a multiple of 34?
True
Does 3 divide 81123451?
False
Does 17 divide 553585227?
False
Is 34684506 a multiple of 3789?
True
Is 136 a factor of 8085335?
False
Is 8 a factor of 88922536?
True
Does 2471 divide 1008668729?
False
Does 91 divide 1452742655?
True
Does 12 divide 4944007?
False
Is 1953706559 a multiple of 8617?
True
Does 25 divide 1484450?
True
Does 13 divide 39370198?
False
Does 299 divide 10400416?
True
Is 51594530 a multiple of 13?
True
Is 42 a factor of 18596581?
False
Is 5565 a factor of 626447627?
False
Is 213 a factor of 61039836?
True
Is 89839200 a multiple of 440?
True
Does 23 divide 364761163?
True
Is 477010005 a multiple of 72?
False
Is 11 a factor of 17353805?
False
Is 1002 a factor of 287805302?
False
Is 238 a factor of 251292807?
False
Does 43 divide 447017338?
False
Is 2 a factor of 14713706?
True
Does 62 divide 11567412?
False
Is 68251846 a multiple of 26?
True
Is 132832903 a multiple of 5?
False
Does 10 divide 305586827?
False
Does 14 divide 117430597?
False
Does 5 divide 47652855?
True
Is 788 a factor of 2635072?
True
Does 449 divide 51806240?
False
Is 246966452 a multiple of 18?
False
Does 3 divide 47675290?
False
Is 2835 a factor of 66347151?
False
Does 257 divide 66938220?
True
Does 70 divide 33846680?
True
Does 124 divide 64427767?
False
Is 52 a factor of 575472456?
True
Does 49 divide 6161772491?
True
Does 625 divide 126850000?
True
Is 391 a factor of 27530527?
False
Is 5427 a factor of 1482520725?
True
Is 216232676 a multiple of 11?
True
Does 3990 divide 70908596?
False
Does 158 divide 443281337?
False
Is 130694842 a multiple of 47?
False
Is 11 a factor of 10555446?
True
Does 701 divide 946246252?
True
Does 22 divide 1172032620?
True
Does 210 divide 833256900?
True
Is 297 a factor of 441361101?
False
Is 56305610 a multiple of 1219?
True
Is 32 a factor of 14391480?
False
Does 226 divide 5791928?
True
Is 2727600897 a multiple of 21?
True
Is 233 a factor of 30202442?
False
Is 4080300 a multiple of 201?
True
Is 45 a factor of 53980482?
False
Is 1316537520 a multiple of 90?
False
Is 149143255 a multiple of 1511?
True
Is 1912274 a multiple of 49?
True
Is 2625 a factor of 32731125?
True
Does 204 divide 1312652167?
False
Is 1393460403 a multiple of 217?
False
Does 133 divide 226235383?
False
Is 20491650 a multiple of 270?
True
Is 5589 a factor of 163299402?
True
Does 107 divide 1355265210?
True
Does 152 divide 473787648?
True
Is 1557572123 a multiple of 1433?
True
Is 289 a factor of 183833767?
True
Is 885058 a multiple of 333?
False
Does 26 divide 411024458?
True
Does 5 divide 3478087?
False
Is 141437162 a multiple of 5?
False
Is 4321764789 a multiple of 15?
False
Is 147984107 a multiple of 1510?
False
Does 4722 divide 1190236764?
True
Is 67 a factor of 119147440?
True
Is 53347314 a multiple of 7?
False
Does 3035 divide 50705440?
False
Is 1184 a factor of 761928842?
False
Is 10 a factor of 2448943890?
True
Is 325 a factor of 2967518908?
False
Is 39760928 a multiple of 736?
True
Is 1947 a factor of 251982687?
True
Does 113 divide 31688115?
False
Does 446 divide 264838?
False
Is 314 a factor of 409521626?
True
Is 25097576 a multiple of 47?
False
Is 287873079 a multiple of 169?
True
Is 176925980 a multiple of 1310?
True
Is 25500821 a multiple of 31?
False
Is 26 a factor of 30566350?
False
Does 26 divide 76895572?
True
Is 8 a factor of 716105976?
True
Is 1088 a factor of 123167435?
False
Does 11 divide 41479336?
False
Is 69 a factor of 1298108659?
False
Is 3674041203 a multiple of 224?
False
Does 32 divide 62898686?
False
Is 90989323 a multiple of 13?
False
Is 79 a factor of 21313568?
True
Is 24032139 a multiple of 393?
False
Is 10356336 a multiple of 77?
False
Is 32692760 a multiple of 772?
False
Is 138193888 a multiple of 9?
False
Is 13 a factor of 732112796?
False
Is 2938285076 a multiple of 14?
False
Is 355003408 a multiple of 47?
True
Is 53634968 a multiple of 189?
False
Does 9 divide 6367428?
True
Is 499 a factor of 646723461?
True
Is 22 a factor of 98816227?
False
Is 3658 a factor of 1184967115?
False
Is 26535119 a multiple of 32?
False
Is 120 a factor of 3395880?
True
Does 982 divide 1055331832?
True
Is 87043736 a multiple of 524?
True
Is 116493796 a multiple of 2218?
True
Does 130 divide 74197457?
False
Is 9544290 a multiple of 157?
False
Is 591949968 a multiple of 702?
False
Is 22 a factor of 831314623?
False
Does 193 divide 194813621?
True
Is 162674160 a multiple of 330?
True
Is 3516346732 a multiple of 10?
False
Is 131 a factor of 106695314?
False
Does 633 divide 57734664?
True
Is 89437508 a mu